{"id":119,"date":"2024-11-23T09:12:33","date_gmt":"2024-11-23T09:12:33","guid":{"rendered":"https:\/\/rve-rodenbach.de\/?page_id=119"},"modified":"2026-04-02T14:23:05","modified_gmt":"2026-04-02T13:23:05","slug":"sicher-radfahren","status":"publish","type":"page","link":"https:\/\/rve-rodenbach.de\/?page_id=119","title":{"rendered":"Mini-Biker: Sicher Radfahren"},"content":{"rendered":"\n<p>Der RVE bietet jedes Jahr im Fr\u00fchling f\u00fcr <strong>Kinder von 2 bis 6 Jahre<\/strong> ein 4-teiliges kostenloses Programm &#8211; <strong>&#8220;Mini-Biker&#8221;<\/strong> -an. Hier k\u00f6nnen Kinder einzelne Begebenheiten, die auf der Stra\u00dfe vorkommen, in einem Parcours erlernen. Nach jedem erreichten Ziel erhalten die Kinder eine Urkunde. Das Mini-Biker Programm findet auf dem Vorplatz unseres Radlerheims in Rodenbach statt.<\/p>\n\n\n\n<p>Teilgenommen werden darf mit einem Rutschauto, Roller, Laufrad oder Fahrrad, ganz egal, die Hauptsache ist es macht Spa\u00df!<\/p>\n\n\n\n<p><strong>Termine 2026:<\/strong><\/p>\n\n\n\n<ul class=\"wp-block-list\">\n<li>Mini Biker Teil 1: Sa. 11.04.2026, 10.00 Uhr<\/li>\n\n\n\n<li>Mini Biker Teil 2: Sa. 18.04.2026, 14.30 Uhr<\/li>\n\n\n\n<li>Mini Biker Teil 3: Sa. 25.04.2026, 14.30 Uhr<\/li>\n\n\n\n<li>Mini Biker Teil 4: Fr. 01.05.2026, 11.00 Uhr<\/li>\n<\/ul>\n\n\n\n<div class=\"wp-block-media-text has-media-on-the-right is-stacked-on-mobile\" style=\"grid-template-columns:auto 34%\"><div class=\"wp-block-media-text__content\">\n<p><strong>Fragen und Anmeldung:<\/strong><\/p>\n\n\n\n<p>Katja Diemer: Tel. 0172 6156531 <\/p>\n\n\n\n<p>oder katja.diemer83@gmail.com<\/p>\n<\/div><figure class=\"wp-block-media-text__media\"><img loading=\"lazy\" decoding=\"async\" width=\"447\" height=\"441\" src=\"https:\/\/rve-rodenbach.de\/wp-content\/uploads\/2025\/09\/Bild_mini-biker-2.jpg\" alt=\"\" class=\"wp-image-692 size-full\" srcset=\"https:\/\/rve-rodenbach.de\/wp-content\/uploads\/2025\/09\/Bild_mini-biker-2.jpg 447w, https:\/\/rve-rodenbach.de\/wp-content\/uploads\/2025\/09\/Bild_mini-biker-2-300x296.jpg 300w\" sizes=\"auto, (max-width: 447px) 100vw, 447px\" \/><\/figure><\/div>\n\n\n\n<p><\/p>\n","protected":false},"excerpt":{"rendered":"<p>Der RVE bietet jedes Jahr im Fr\u00fchling f\u00fcr Kinder von 2 bis 6 Jahre ein 4-teiliges kostenloses Programm &#8211; &#8220;Mini-Biker&#8221; -an. Hier k\u00f6nnen Kinder einzelne Begebenheiten, die auf der Stra\u00dfe &#8230;<\/p>\n","protected":false},"author":1,"featured_media":0,"parent":0,"menu_order":0,"comment_status":"closed","ping_status":"closed","template":"","meta":{"footnotes":""},"class_list":["post-119","page","type-page","status-publish","hentry"],"_links":{"self":[{"href":"https:\/\/rve-rodenbach.de\/index.php?rest_route=\/wp\/v2\/pages\/119","targetHints":{"allow":["GET"]}}],"collection":[{"href":"https:\/\/rve-rodenbach.de\/index.php?rest_route=\/wp\/v2\/pages"}],"about":[{"href":"https:\/\/rve-rodenbach.de\/index.php?rest_route=\/wp\/v2\/types\/page"}],"author":[{"embeddable":true,"href":"https:\/\/rve-rodenbach.de\/index.php?rest_route=\/wp\/v2\/users\/1"}],"replies":[{"embeddable":true,"href":"https:\/\/rve-rodenbach.de\/index.php?rest_route=%2Fwp%2Fv2%2Fcomments&post=119"}],"version-history":[{"count":8,"href":"https:\/\/rve-rodenbach.de\/index.php?rest_route=\/wp\/v2\/pages\/119\/revisions"}],"predecessor-version":[{"id":913,"href":"https:\/\/rve-rodenbach.de\/index.php?rest_route=\/wp\/v2\/pages\/119\/revisions\/913"}],"wp:attachment":[{"href":"https:\/\/rve-rodenbach.de\/index.php?rest_route=%2Fwp%2Fv2%2Fmedia&parent=119"}],"curies":[{"name":"wp","href":"https:\/\/api.w.org\/{rel}","templated":true}]}}