{"id":122,"date":"2024-11-23T09:12:33","date_gmt":"2024-11-23T09:12:33","guid":{"rendered":"https:\/\/rve-rodenbach.de\/?page_id=122"},"modified":"2026-02-20T17:00:12","modified_gmt":"2026-02-20T16:00:12","slug":"radrennen","status":"publish","type":"page","link":"https:\/\/rve-rodenbach.de\/?page_id=122","title":{"rendered":"Radrennen"},"content":{"rendered":"\n<figure class=\"wp-block-image size-large is-resized\"><img loading=\"lazy\" decoding=\"async\" width=\"1024\" height=\"575\" src=\"https:\/\/rve-rodenbach.de\/wp-content\/uploads\/2024\/12\/01a.-Bild-Wehrturm-Rennprog.Int_-1024x575.jpg\" alt=\"\" class=\"wp-image-392\" style=\"width:666px;height:auto\" srcset=\"https:\/\/rve-rodenbach.de\/wp-content\/uploads\/2024\/12\/01a.-Bild-Wehrturm-Rennprog.Int_-1024x575.jpg 1024w, https:\/\/rve-rodenbach.de\/wp-content\/uploads\/2024\/12\/01a.-Bild-Wehrturm-Rennprog.Int_-300x169.jpg 300w, https:\/\/rve-rodenbach.de\/wp-content\/uploads\/2024\/12\/01a.-Bild-Wehrturm-Rennprog.Int_-768x431.jpg 768w, https:\/\/rve-rodenbach.de\/wp-content\/uploads\/2024\/12\/01a.-Bild-Wehrturm-Rennprog.Int_-1536x863.jpg 1536w, https:\/\/rve-rodenbach.de\/wp-content\/uploads\/2024\/12\/01a.-Bild-Wehrturm-Rennprog.Int_.jpg 1700w\" sizes=\"auto, (max-width: 1024px) 100vw, 1024px\" \/><\/figure>\n\n\n\n<p>Das n\u00e4chste Radrennen ist f\u00fcr <strong>Sonntag, den 21.06.2026<\/strong> geplant. <\/p>\n\n\n\n<p>Weitere Informationen werden rechtzeitig ver\u00f6ffentlicht.<\/p>\n\n\n\n<p><\/p>\n\n\n\n<p><\/p>\n","protected":false},"excerpt":{"rendered":"<p>Das n\u00e4chste Radrennen ist f\u00fcr Sonntag, den 21.06.2026 geplant. Weitere Informationen werden rechtzeitig ver\u00f6ffentlicht.<\/p>\n","protected":false},"author":1,"featured_media":0,"parent":0,"menu_order":0,"comment_status":"closed","ping_status":"closed","template":"","meta":{"footnotes":""},"class_list":["post-122","page","type-page","status-publish","hentry"],"_links":{"self":[{"href":"https:\/\/rve-rodenbach.de\/index.php?rest_route=\/wp\/v2\/pages\/122","targetHints":{"allow":["GET"]}}],"collection":[{"href":"https:\/\/rve-rodenbach.de\/index.php?rest_route=\/wp\/v2\/pages"}],"about":[{"href":"https:\/\/rve-rodenbach.de\/index.php?rest_route=\/wp\/v2\/types\/page"}],"author":[{"embeddable":true,"href":"https:\/\/rve-rodenbach.de\/index.php?rest_route=\/wp\/v2\/users\/1"}],"replies":[{"embeddable":true,"href":"https:\/\/rve-rodenbach.de\/index.php?rest_route=%2Fwp%2Fv2%2Fcomments&post=122"}],"version-history":[{"count":4,"href":"https:\/\/rve-rodenbach.de\/index.php?rest_route=\/wp\/v2\/pages\/122\/revisions"}],"predecessor-version":[{"id":872,"href":"https:\/\/rve-rodenbach.de\/index.php?rest_route=\/wp\/v2\/pages\/122\/revisions\/872"}],"wp:attachment":[{"href":"https:\/\/rve-rodenbach.de\/index.php?rest_route=%2Fwp%2Fv2%2Fmedia&parent=122"}],"curies":[{"name":"wp","href":"https:\/\/api.w.org\/{rel}","templated":true}]}}